)?
19
Let d(h) = -1 + 0*h + h**3 + 23 - h + 2*h. Suppose -12*a = -16*a + 5*k, -3*a - 3*k = 0. What is d(a)?
22
Let k = 7 - 4. Let c(r) = -r**3 - 5*r + 31*r**2 - 9*r**2 + 3 - 5*r**2 - 9*r**2 - 3*r**2. What is c(k)?
6
Suppose -6*o + 0*o = -336. Suppose o = -3*g - y, 3*g + 50 = -9*y + 11*y. Let m be ((-8)/12)/(38/g + 2). Let k(w) = -w + 6. Determine k(m).
0
Let d(t) = -3*t - 2. Let o(y) = y**2 - 15*y + 48. Let b be o(8). Determine d(b).
22
Let l(f) = -f - 3. Suppose 0*i + 541 = 3*v - 2*i, -3*v - 3*i + 546 = 0. Let t = v + -185. Determine l(t).
1
Let v = 206 + -199. Let d be (28/63)/((-4)/(-18)). Let m(f) = 2 + 6*f**2 + 4*f - f**3 - 3*f + 7*f - d*f. Give m(v).
-5
Let q(t) = -2*t**2 - 16*t - 6. Let a(w) = -3*w**2 - 15*w - 10. Let c(l) = 5*a(l) - 6*q(l). Give c(8).
-38
Let v(b) = 2*b - 5. Let j(l) = 4*l - 43. Suppose 0 = 4*m - 113 - 47. Let z = 52 - m. Let n be j(z). Calculate v(n).
5
Suppose 77*f - 66*f = 22. Let t(a) = 2*a - 2*a**3 - 4*a**2 + 11*a**f - 2*a**2 - 1 - 6*a**2. Calculate t(-2).
7
Let o(w) = -w**3 + 3*w**2 - 4*w + 4. Let t(c) = -c**3 + 21*c**2 - 40*c + 41. Let b be t(19). Give o(b).
-8
Suppose 0 = 4*w - l + 5*l - 20, -4*l = 3*w - 11. Let n be (w/3)/((42/10)/7). Let r(s) = -1 + s**3 + 35*s**2 - 34*s**2 + n*s**3. Determine r(-1).
-6
Let w(u) = 0 - 2 - 3456*u**3 + 3455*u**3 + u + 7. Give w(0).
5
Let p(k) = -k**2 - 7*k - 4. Let b = 10 - -6. Let a(q) = q**3 - 14*q**2 + 42*q + 3. Let d be a(9). Let j = b + d. Give p(j).
-12
Let s(y) = y**3 - 9*y**2 - 14*y + 45. Let m(w) = -3*w**2 - 46*w + 10. Let a be m(0). Determine s(a).
5
Let s be 1/(1065/177 - 6). Let h(q) = 130 - s - 67 + 9*q. What is h(-3)?
-23
Let w = 514 - 519. Let n(c) = 3*c + 1. Let u(l) = 3*l + 1. Let h(v) = 5*n(v) - 6*u(v). What is h(w)?
14
Let l(n) = 13*n**2 - 2*n - 2. Let j(s) = -23*s**2 + 4*s + 4. Let d(v) = -4*j(v) - 7*l(v). Calculate d(-2).
6
Suppose -49 = -4*p - 61. Let o(y) be the third derivative of y**5/20 + y**4/8 + 2*y**3/3 + 6*y**2 + 6*y. What is o(p)?
22
Let y(q) be the second derivative of q**4/12 - 13*q**3/6 - 3*q**2 + 3*q - 395. Calculate y(12).
-18
Let k(g) = 14 + 26 + 10*g + 29 - 53. Give k(-3).
-14
Let c be -8 + 3 - (188/(-4) + 2). Let h(n) = -c*n + 20*n + 6 - 16 + 17*n. Give h(-4).
2
Let x(z) = 2*z**2 + 61*z - 10. Let s(u) = 3*u**3 - 3*u**2 - 15*u - 25. Let o be s(-2). Give x(o).
21
Let p(b) = 49*b + 10. Let a(q) = -28*q - 5. Let i(r) = -5*a(r) - 3*p(r). Suppose 4*d + 1 = 3*d. Let h be i(d). Let t(n) = 3*n**2 + 2*n - 2. Calculate t(h).
14
Let j = -1 - 5. Let v(f) be the first derivative of 2*f**2 + 3*f + 4483. What is v(j)?
-21
Let j be (-4 + 42/9)*51/2. Suppose 6*l - 7 = 11*l - 4*m, -5*l - j = m. Let t(y) = 4*y + 1. Calculate t(l).
-11
Let h(q) be the second derivative of -q**3/2 + q**2 - 2*q - 1. Let y = 7 + -6. Let z be y - 2 - (-3 - 0). Calculate h(z).
-4
Let w(u) be the third derivative of u**5/60 - 4*u**3/3 - u**2. Let f(x) = x**3 - 32*x**2 + 186*x - 275. Let c be f(25). Give w(c).
-8
Suppose 90*f + 798 = 84*f. Let b = -129 - f. Let d(j) = 5*j**2 + 14*j - 14. Let y(x) = 2*x**2 + 5*x - 5. Let m(p) = 3*d(p) - 8*y(p). What is m(b)?
-10
Let f(h) be the second derivative of -5*h**4/12 - 7*h**3/6 - h**2/2 + 155*h - 9. Calculate f(3).
-67
Let y = -18 - -24. Suppose y*h + 10 = h, 12 = 4*p - 2*h. Let s(b) = b + 0*b - b**p - 4 + 4*b + b. Give s(6).
-4
Let m(b) be the first derivative of 3*b**4/4 + 5*b**3/3 - b**2/2 - 3*b + 3066. Give m(1).
4
Let y(h) = -h**2 + 2*h + 35. Let v be 252/(-24)*(-10)/15. Let n be y(v). Let q(i) = i**2 - 20. What is q(n)?
-20
Let y(v) = -v**3 - 3*v**2 + 10*v + 6. Let h(q) = q**2 - 85*q - 179. Let s be h(-2). Calculate y(s).
6
Let s(n) = 8*n**2 - 43*n + 10. Let r be s(5). Let h(u) = u**2 - 3*u - 9. Determine h(r).
31
Let t = -432 - -431. Let b(q) = 5*q + 4. Let o(p) = 5*p + 3. Suppose -x = 3*x - 20. Let d(w) = x*o(w) - 4*b(w). Calculate d(t).
-6
Let c(g) = 4*g - 2. Let d = 10 - 9. Let s be ((-2)/2)/(8/56)*-1. Suppose d = -3*l + s. Give c(l).
6
Let f(w) = 13*w - 119. Suppose 0 = 4*x - 81 + 16 + 21. Give f(x).
24
Let j(t) = t + 17. Let i be j(-11). Suppose -5*z + 2*z + 36 = 3*g, 3*g - 8 = z. Let x(h) = z*h**2 + 67*h - 24*h - h**3 - 25*h + 7 - 22*h. Determine x(i).
19
Let y(a) = a**3 - 8*a**2 - 9*a - 115. Let j be y(10). Let n(i) = i**3 + 4*i**2 - 5*i - 6. Calculate n(j).
-6
Let u(v) be the second derivative of 41*v**3/6 - v**2/2 + 785*v. What is u(1)?
40
Let h(m) be the first derivative of -m**3/3 - 3*m**2 - 5*m + 1455. Give h(-10).
-45
Let t = -379 + 263. Let o = t - -52. Let d = o + 69. Let g(f) = -3*f + 6. Determine g(d).
-9
Suppose 5*f - 18 = 3*u, 5*u = -f + 4*f + 2. Let b = -111 - -128. Let q(l) = -l**2 + b*l + l**3 - 6*l**2 - 34*l + 8 + 19*l. Calculate q(f).
-16
Let q(l) = 0*l**2 + 0*l**2 + l**2. Let i = 564 - 565. Let k be q(i). Let o(g) = -6*g**2 + 1. Give o(k).
-5
Let s(x) = x**2 - 2. Let o(w) = -4*w**2 - 2*w + 3. Let c(t) = o(t) + 3*s(t). Suppose -2*k = -7*k - 20. Give c(k).
-11
Let s be 0*(42/12 + -4). Let a(y) = -2 + s + 6 - 3 - 5 + y. Give a(0).
-4
Let g(l) = 3353 + l + 3*l + 5*l - 6699 + 3310. Calculate g(14).
90
Let x = -6 - 0. Let a(i) = -4*i + 11. Let b = 389 - 386. Let p(y) = -3*y + 10. Let r(j) = b*p(j) - 2*a(j). Give r(x).
14
Suppose 5*k = -4*c + 1273, 2*c - 4*c + 636 = 2*k. Let b = -327 + c. Let l(d) = d**2 + 11*d - 4. Calculate l(b).
-14
Let c(l) = 18 - 3206*l**2 - 14*l - 2 + 0*l + 6414*l**2 - 3209*l**2. Determine c(-10).
56
Let k = 880 + -3519/4. Let g(n) be the third derivative of 0*n - 12*n**2 - n**3 + 1/60*n**5 + k*n**4 + 0. Determine g(-6).
-6
Let m(d) = -29*d + 143. Let a(k) = -31*k + 143. Let v(f) = -5*a(f) + 6*m(f). Determine v(8).
-9
Suppose 0 = p - x - x - 2, 5*p = 2*x + 2. Let v be ((2 - p)/(-4))/((-19)/76). Let a(w) = 0*w + 3*w + 1 - w. What is a(v)?
5
Let t(c) be the second derivative of c**6/30 - c**4/24 + 4*c**3 - 29*c. Let i(f) be the second derivative of t(f). Let p = 42 + -43. What is i(p)?
11
Let b(m) = m**3 + 7*m**2 - 8*m - 2. Let u be b(-8). Let n(g) = 30*g + 5 + 32*g - 70*g. Let t(c) = -9*c + 6. Let p(r) = -5*n(r) + 4*t(r). Calculate p(u).
-9
Suppose 0 = 11*l - 10*l - 14. Let y(d) = -36 - l*d - 2*d**2 + 4*d + 71 - 32. Let w be y(-5). Let r(v) = -v**2 + 6*v - 2. What is r(w)?
7
Let b(q) = -115*q - 1143. Let x be b(-10). Let s(w) = w**2 - 9*w - 2. Calculate s(x).
-16
Let w(s) = -37*s - 228. Let f = 17203 - 17209. Give w(f).
-6
Suppose -y = -4*w - 36, 4*w = -3*y + 1 - 5. Let a(b) = 22*b - 169. What is a(y)?
7
Let g(k) = -k**3 - 17*k**2 - 22*k + 9. Let d(u) = -3*u - 2. Let a(v) = -3*d(v) + g(v). Determine a(-16).
-33
Let q(m) = -5*m + m + 5*m**2 - m**2 - 5*m**2 - 3. Suppose 57*r - 45 = 66*r. What is q(r)?
-8
Let h(l) = l**3 + 27*l**2 + 24*l - 54. Let g = 4396 - 4422. Determine h(g).
-2
Let j(o) = -6*o + 4. Let q(v) = -v. Suppose -4*b = -3 - 17. Let l(w) = b*q(w) - j(w). Suppose 5*c = -4*a - 10, -2*a - 11*c + 8 = -15*c. What is l(a)?
-4
Let t(f) be the third derivative of f**5/60 + 13*f**4/24 - 7*f**3/6 - 142*f**2. What is t(-14)?
7
Let h(s) be the second derivative of s**3/6 + 2*s. Let y(u) = 6*u + 3. Let x(m) = -5*h(m) + y(m). Let w = 285 + -291. What is x(w)?
-3
Let i(g) be the first derivative of -g**4/4 + 2*g**3/3 - 5*g**2 + 30*g - 948. What is i(3)?
-9
Let w(g) = -16 + g - 21 + 59 - 22 - 18. Calculate w(12).
-6
Let t be (-1)/4 - (452/(-16) + 20). Let l(j) = 8*j - 62. Determine l(t).
2
Let b(v) = 6*v + 8. Let q(n) = -9*n - 9. Let d(l) = 19*l + 18. Let i(o) = -2*d(o) - 5*q(o). Let x(z) = -6*b(z) + 5*i(z). Give x(-4).
1
Let b(i) = -31*i**2 + 15*i + 52. Let p(k) = 11*k**2 - 6*k - 17. Let f(n) = 6*b(n) + 17*p(n). Determine f(8).
-9
Let w(o) be the second derivative of o**5/120 + 19*o**4/24 - 83*o**3/3 + 8*o - 4. Let t(q) be the second derivative of w(q). Calculate t(-13).
6
Let q(d) = -3*d**2 - 32*d - 4. Suppose 67*f - 46*f = -210. Give q(f).
16
Let p(k) be the third derivative of -k**6/120 + k**5/30 + k**4/8 - k**3/3 + 13*k**2. Let t = 28 + -25. Let o = -1 + t. Give p(o).
4
Let t = -641 - -643. Let u(l) be the second derivative of 3*l**t - 12*l - l**3 + 1/12*l**4 + 0. What is u(5)?
1
Let l(f) = 6*f + 0*f - 2*f - f - 1. Let h = -2930 + 2925. Calculate l(h).
-16
Let b(m) = -30*m - 77. Let s(r) = 46*r + 116. Let v(i) = 20*b(i) + 13*s(i). Give v(25).
-82
Let c be (-8)/(-2)*7 + -8 + 2. Suppose 12*n - 